 61106. What is the tens digit of c/21 + 20/35?
2
Suppose -3*k = -4*h - 27170, 18106 = 2*k - 55*h + 56*h. What is the tens digit of k?
5
Suppose -290961 - 144439 = -20*z. What is the thousands digit of z?
1
Suppose 4*b + 20 = 2*b. Let q = 15 + b. Suppose -3*m + 265 = 5*v, 0*v + q*m - 275 = -5*v. What is the units digit of v?
0
What is the thousands digit of (-12 + 2752/215)*(-1 + 35921)/2?
4
Suppose 15972 = 4*t - 4*u, 0 = 5*t + 2*u - 23567 + 3581. Suppose 5*r + 4*w - t = 0, -2*r + 5*r = 3*w + 2403. What is the hundreds digit of r?
8
Let n be (-4)/38 - 166026/(-38). Let v = -3118 + n. Suppose 12*f - v - 657 = 0. What is the hundreds digit of f?
1
Let d be (-2 - (-4)/3) + (-1780)/(-60). Suppose d*p - 5121 = 20*p. What is the units digit of p?
9
Suppose -270 + 312 = 7*t. What is the tens digit of 5 + (-2910)/(t + -9)?
7
Suppose 8 = -5*y - m - 11, 4*y = 3*m. What is the tens digit of (-3)/y + (1 - 1) + 697?
9
Let p be (-2)/(-17) - 308937/(-901). Suppose 3*f - p - 815 = 0. What is the units digit of f?
6
Suppose 7*z - 176143 = -43*z - 37693. What is the thousands digit of z?
2
What is the hundreds digit of (-14 + 22 - -1159) + 1?
1
Suppose 6329 + 14417 = 2*j. What is the tens digit of j?
7
Let u = -71 - -75. Suppose u*a - 29 = -3*c, 0 = 5*c + a - 11 - 60. Suppose 0 = -20*i + 23*i - c. What is the units digit of i?
5
Let y(m) = -m**3 + 14*m**2 - 13*m - 6. Let f(q) = -q**2 + 42*q - 69. Let r be f(40). What is the tens digit of y(r)?
1
Suppose -5*m = u - 30710, 2*m + 4516 = 4*u + 16822. What is the hundreds digit of m?
1
Let l be (-225)/(-10)*1210/15. Suppose 4*k = -4*a + 77 + 1747, -5*a = -4*k + l. What is the units digit of k?
5
What is the thousands digit of 121898/10 - ((-9)/5 - 60/(-100))?
2
Suppose 9*o + 5401 = -8342. Let y = o + 2472. What is the tens digit of y?
4
Suppose 14*o - 1688254 = -12*o + 256858. What is the ten thousands digit of o?
7
Let j be (-2)/(-7) + 456/(-28). Let m = j + 35. Let r = m + -13. What is the units digit of r?
6
Suppose -299324 + 111814 = -10*b. What is the tens digit of b?
5
Suppose 2*w + 10*g - 14*g + 10 = 0, w - 10 = -g. Suppose 125 = w*m - 5*v, -m - 3*v = -12 - 9. What is the units digit of m?
4
Let u = 206 + -96. Let w be ((-6)/(-3) - u)/(-1). Suppose -8*x - w = -14*x. What is the tens digit of x?
1
Let w(f) = -f + 15. Let d be w(5). Let v(y) = -y**3 + 9*y**2 + 9*y + 14. Let a be v(d). Suppose a*s - 92 = 3*s. What is the tens digit of s?
9
Let m(g) = -964*g + 39. Let j be m(-1). Let y = j - 512. What is the units digit of y?
1
Let x be 7/(-4) + 334422/72. Suppose -x = -8*d + 421. What is the hundreds digit of d?
6
Let a(m) = 8*m**2 - 162*m - 708. What is the tens digit of a(-59)?
9
Let s = 35769 - 15624. What is the hundreds digit of s?
1
Let a be (144/10)/(46/115). What is the units digit of 7/((-112)/(-36))*(a - 4)?
2
Suppose 0 = 5*u - 0*g - 5*g - 55, 19 = 4*u + g. Suppose 0 = u*x - 2*x - 4*z - 528, -5*x - z + 636 = 0. What is the tens digit of x?
2
Let u(y) = 13953*y**2 - 14*y + 17. What is the units digit of u(1)?
6
Suppose -5*s = -3*v - 425286, 434*s + 85056 = 435*s - v. What is the hundreds digit of s?
0
What is the units digit of (3/24)/(-1) + 207625/200?
8
Let f = -24218 + 48675. What is the units digit of f?
7
Suppose -4*p - 23 = 41. Let k = p - -166. What is the hundreds digit of k?
1
Let c be (-4 + 5 - 3) + 36. Let v = c + -34. Suppose v = -5*m + 2*w + 19, -2*w - 2*w = 5*m - 7. What is the units digit of m?
3
Let j(s) = s**3 - 4*s**2 - 5*s + 4. Let h be j(5). Suppose 0 = -0*n - 4*n - h*x - 4, 5 = x. What is the units digit of n/6 - (-1 - 56)?
6
Suppose -128546 = -8*f - 2*h, 0 = -4*f + 25*h - 29*h + 64264. What is the units digit of f?
9
Let j = 850 - 603. Suppose 0 = -r + 17 + j. What is the tens digit of r?
6
Let n = -50 + 47. Let j be ((-2)/n)/((-6)/(-18)). Let k(l) = 25*l**2 - 5*l + 1. What is the tens digit of k(j)?
9
Suppose -5026 - 1148 = -7*r. Let o = r + -518. Suppose -86 = -2*g + o. What is the tens digit of g?
2
Let g(w) = -2*w**3 + 4*w**2 - 4*w - 8. Let n(d) = d**3 + d. Let o be 0 - (-2 - (-2)/(0 - -2)). Let t(y) = o*g(y) + n(y). What is the tens digit of t(-4)?
3
Let v(s) = s**3 - 5*s**2 - 31*s - 4. Let f be v(14). Suppose 0 = -2*m - 2*u + 3168, -3*m + f = -3*u - 3450. What is the hundreds digit of m?
5
Let z = 6004 - 4135. Suppose -5*d = 4*r - z, 724 + 206 = 2*r + 4*d. What is the units digit of r?
1
Let m(i) = 22*i + 71. Let o(q) = 23*q + 71. Let j(p) = 3*m(p) - 2*o(p). Let a be j(18). Let h = a - 138. What is the units digit of h?
3
Suppose -4*u + 8 = 4*h - 12, 4*u = 2*h - 10. Suppose -h*i + 739 = -2221. What is the hundreds digit of i?
5
Suppose 0 = -5*b + 3*j + 109927, -3*j = 3*b - 78090 + 12105. What is the hundreds digit of b?
9
Let w(a) = -102*a**2 - a - 2. Let v be w(-1). Let l = 220 - v. What is the hundreds digit of l?
3
Let f(m) = 63 + 8*m + 10*m - 18*m + 5*m**2. What is the units digit of f(0)?
3
Let p(v) = 27*v**2 - 22*v + 16. Let w be p(-6). Suppose -819 = -2*j + 3*g, 2*j - w + 319 = -3*g. What is the hundreds digit of j?
4
Suppose -7*d + 219174 = -39378. Suppose -70*o = -13*o - d. What is the tens digit of o?
4
Suppose 3*r + 6 = 6*r, 4*n = 4*r + 11248. Suppose -4*o = -n - 1334. What is the hundreds digit of o?
0
Let u(v) = 2*v**3 - 9*v**2 - 4*v - 5. Let m be u(5). What is the hundreds digit of ((-4 - 133)/(m - 1))/1?
1
Let t = -211 - -318. Let s = -35 + t. What is the hundreds digit of s/42 - 2 - 807/(-7)?
1
What is the thousands digit of ((-8)/144*7026)/((-2)/30)?
5
Suppose 0 = -2*k - 6, 9*j - 6*j - 215397 = -4*k. What is the tens digit of j?
0
Let r(a) = 2*a**2 + 23*a + 47. Let f be r(-9). Suppose f*g - 10*l + 15*l - 767 = 0, -g + 411 = -3*l. What is the hundreds digit of g?
3
Suppose 0 = -4*p + 5*p + 400. Let j = -145 - p. What is the hundreds digit of j?
2
Suppose 5*h - 16*o - 329711 = -15*o, 4*h - 2*o - 263758 = 0. What is the hundreds digit of h?
9
Suppose 4*z - 100 = -84. Suppose -z*i = 64 - 924. What is the units digit of i?
5
Suppose 29 + 19 = 3*t. Suppose 5*h - 4*h - t = 0. Suppose 0 = h*o - 13*o - 414. What is the hundreds digit of o?
1
Suppose -3*a - 5*c - 926 = 0, 632 + 287 = -3*a + 2*c. Let p = -1577 - -1115. Let w = a - p. What is the tens digit of w?
5
Suppose -281*l + 1728866 = 1988280 - 11925972. What is the units digit of l?
8
Let g be (2 - 2)*(-2)/4. Let s(n) = -n**3 + n**2 - n + 4. Let u be s(g). Suppose -349 - 23 = -u*y. What is the tens digit of y?
9
Let y(g) = g**2 + 64*g + 2. Let k be y(21). Suppose -10*v + 2103 = -k. What is the hundreds digit of v?
3
Suppose x = 5*w - 24, 4*x + 4 + 12 = 0. Suppose -5*g = 4*z - 2, 3*g - w*g = -z + 5. What is the units digit of g - (1 - (-127)/(-1))?
4
Let i = 144933 + -101146. What is the ten thousands digit of i?
4
Let x(o) = -9 - 7 + 35 - 1 + 4*o**3 - 20*o. What is the units digit of x(5)?
8
Let g(x) = 2*x**3 - 8*x**2 - 9*x - 11. Suppose -5*k - 40 = -4*t, -5*t + 9*k = 5*k - 41. Let h be g(t). What is the hundreds digit of -10*h/90 + 1484/6?
2
Suppose l + 2*c - 176 = -3*c, -920 = -5*l - 5*c. Let i = l + 51. What is the units digit of i?
7
Let u(g) be the second derivative of -g**5/20 + 19*g**4/12 + 7*g**3/3 - 13*g**2/2 - 4*g - 24. What is the units digit of u(18)?
3
Let n(r) = 17*r**2 + 11*r - 28. Suppose 4*g + 3*w + 52 = 0, 98*g + w = 102*g + 36. What is the tens digit of n(g)?
6
Suppose 0 = 10*v + 33*v - 3999. Suppose v*r - 100*r = -7140. What is the hundreds digit of r?
0
Suppose 0*l - 4*l + 2*o - 566 = 0, 5*l + o = -718. Let p = 330 + l. What is the units digit of p?
7
Let s(c) = 2*c + 4. Let p be s(0). Suppose -4*y - 2336 = -10*b + 5*b, -b + 472 = p*y. Suppose -b = -2*m + 104. What is the units digit of m?
6
Let l = -150 + 152. Suppose -b + l*b + 5*q = 801, -4*b + 3116 = -2*q. What is the hundreds digit of b?
7
Let b = 23036 - 5684. What is the thousands digit of b?
7
Let w(b) = -b - 15. Let z be w(-2). Let i(j) = -j**3 - 12*j**2 + 4*j + 14. What is the units digit of i(z)?
1
Suppose 2*g - 41*g + 228*g = 14047047. What is the ten thousands digit of g?
7
Let a(d) = -d**3 + 14*d**2 - 5*d - 13. Let f be (-1160)/(-100) - 6/10. What is the tens digit of a(f)?
9
Let u = -921 + 4156. Suppose 3*a - 3139 = -4*n, 5*a = -4*n + 1986 + u. What is the hundreds digit of a?
0
What is the tens digit of 18781/2*4/1 + -3 +